er when 246 is divided by 75.
21
Calculate the remainder when 1053 is divided by 88.
85
What is the remainder when 449 is divided by 24?
17
Calculate the remainder when 234 is divided by 61.
51
Calculate the remainder when 331 is divided by 108.
7
What is the remainder when 251 is divided by 116?
19
What is the remainder when 40 is divided by 7?
5
What is the remainder when 77 is divided by 14?
7
Calculate the remainder when 521 is divided by 254.
13
What is the remainder when 838 is divided by 411?
16
Calculate the remainder when 220 is divided by 14.
10
What is the remainder when 233 is divided by 26?
25
What is the remainder when 80 is divided by 32?
16
Calculate the remainder when 325 is divided by 8.
5
What is the remainder when 345 is divided by 94?
63
What is the remainder when 3764 is divided by 65?
59
Calculate the remainder when 27717 is divided by 126.
123
Calculate the remainder when 12646 is divided by 124.
122
What is the remainder when 218 is divided by 122?
96
What is the remainder when 172 is divided by 60?
52
Calculate the remainder when 9126 is divided by 86.
10
Calculate the remainder when 753 is divided by 36.
33
What is the remainder when 184 is divided by 38?
32
Calculate the remainder when 1414 is divided by 1412.
2
Calculate the remainder when 255 is divided by 20.
15
Calculate the remainder when 46 is divided by 7.
4
Calculate the remainder when 45917 is divided by 80.
77
What is the remainder when 968 is divided by 35?
23
What is the remainder when 319 is divided by 84?
67
Calculate the remainder when 521 is divided by 9.
8
What is the remainder when 873 is divided by 842?
31
What is the remainder when 7409 is divided by 13?
12
Calculate the remainder when 204 is divided by 11.
6
What is the remainder when 2469 is divided by 103?
100
What is the remainder when 370 is divided by 47?
41
Calculate the remainder when 70 is divided by 19.
13
Calculate the remainder when 976 is divided by 53.
22
What is the remainder when 4378 is divided by 1459?
1
What is the remainder when 773 is divided by 108?
17
What is the remainder when 138 is divided by 35?
33
What is the remainder when 73 is divided by 16?
9
Calculate the remainder when 1162 is divided by 78.
70
Calculate the remainder when 831 is divided by 30.
21
Calculate the remainder when 8125 is divided by 7.
5
What is the remainder when 58 is divided by 31?
27
What is the remainder when 288 is divided by 14?
8
Calculate the remainder when 119 is divided by 20.
19
What is the remainder when 95 is divided by 25?
20
Calculate the remainder when 452 is divided by 445.
7
What is the remainder when 969 is divided by 469?
31
What is the remainder when 183 is divided by 53?
24
What is the remainder when 856 is divided by 100?
56
Calculate the remainder when 106 is divided by 96.
10
Calculate the remainder when 5151 is divided by 28.
27
What is the remainder when 3069 is divided by 64?
61
What is the remainder when 10778 is divided by 28?
26
What is the remainder when 158 is divided by 78?
2
Calculate the remainder when 818 is divided by 160.
18
Calculate the remainder when 517 is divided by 83.
19
Calculate the remainder when 363 is divided by 41.
35
Calculate the remainder when 240 is divided by 77.
9
Calculate the remainder when 6 is divided by 2.
0
What is the remainder when 723 is divided by 48?
3
Calculate the remainder when 17387 is divided by 276.
275
Calculate the remainder when 61 is divided by 26.
9
What is the remainder when 5168 is divided by 12?
8
What is the remainder when 230 is divided by 33?
32
What is the remainder when 533 is divided by 93?
68
What is the remainder when 88 is divided by 77?
11
What is the remainder when 1194 is divided by 13?
11
Calculate the remainder when 1240 is divided by 27.
25
Calculate the remainder when 54 is divided by 11.
10
Calculate the remainder when 157 is divided by 75.
7
Calculate the remainder when 1103 is divided by 7.
4
What is the remainder when 4731 is divided by 91?
90
Calculate the remainder when 290 is divided by 28.
10
Calculate the remainder when 12345 is divided by 36.
33
What is the remainder when 645 is divided by 40?
5
What is the remainder when 510 is divided by 169?
3
Calculate the remainder when 218 is divided by 25.
18
Calculate the remainder when 53 is divided by 14.
11
What is the remainder when 243 is divided by 46?
13
Calculate the remainder when 47 is divided by 13.
8
What is the remainder when 13172 is divided by 25?
22
Calculate the remainder when 6276 is divided by 209.
6
Calculate the remainder when 2759 is divided by 19.
4
Calculate the remainder when 98 is divided by 27.
17
Calculate the remainder when 94 is divided by 23.
2
Calculate the remainder when 215 is divided by 37.
30
Calculate the remainder when 1143 is divided by 103.
10
What is the remainder when 3981 is divided by 166?
163
Calculate the remainder when 117 is divided by 32.
21
Calculate the remainder when 3094 is divided by 100.
94
What is the remainder when 9366 is divided by 132?
126
What is the remainder when 116 is divided by 95?
21
What is the remainder when 499 is divided by 22?
15
Calculate the remainder when 147 is divided by 107.
40
Calculate the remainder when 130 is divided by 42.
4
Calculate the remainder when 515 is divided by 11.
9
Calculate the remainder when 78437 is divided by 10.
7
Calculate the remainder when 1826 is divided by 61.
57
What is the remainder when 154 is divided by 41?
31
What is the remainder when 23085 is divided by 104?
101
Calculate the remainder when 1042 is divided by 87.
85
Calculate the remainder when 229 is divided by 39.
34
What is the remainder when 134 is divided by 43?
5
Calculate the remainder when 3326 is divided by 27.
5
What is the remainder when 98 is divided by 15?
8
Calculate the remainder when 149 is divided by 115.
34
What is the remainder when 497 is divided by 20?
17
What is the remainder when 220 is divided by 60?
40
What is the remainder when 204 is divided by 23?
20
Calculate the remainder when 1535 is divided by 45.
5
What is the remainder when 322 is divided by 36?
34
Calculate the remainder when 6449 is divided by 20.
9
What is the remainder when 1948 is divided by 242?
12
What is the remainder when 303 is divided by 18?
15
What is the remainder when 652 is divided by 55?
47
Calculate the remainder when 66 is divided by 6.
0
Calculate the remainder when 199 is divided by 177.
22
Calculate the remainder when 389 is divided by 103.
80
What is the remainder when 76 is divided by 11?
10
What is the remainder when 2001 is divided by 87?
0
What is the remainder when 4366 is divided by 16?
14
Calculate the remainder when 1884 is divided by 31.
24
What is the remainder when 356 is divided by 24?
20
Calculate the remainder when 17395 is divided by 9.
7
Calculate the remainder when 1853 is divided by 614.
11
Calculate the remainder when 131 is divided by 33.
32
What is the remainder when 156 is divided by 34?
20
What is the remainder when 142 is divided by 109?
33
What is the remainder when 1331 is divided by 29?
26
What is the remainder when 257 is divided by 40?
17
Calculate the remainder when 19 is divided by 2.
1
What is the remainder when 1186 is divided by 33?
31
What is the remainder when 131 is divided by 33?
32
What is the remainder when 163 is divided by 67?
29
What is the remainder when 147 is divided by 37?
36
Calculate the remainder when 238 is divided by 26.
4
Calculate the remainder when 3022 is divided by 24.
22
Calculate the remainder when 171 is divided by 17.
1
Calculate the remainder when 67 is divided by 10.
7
Calculate the remainder when 4043 is divided by 52.
39
Calculate the remainder when 50 is divided by 7.
1
What is the remainder when 17 is divided by 5?
2
Calculate the remainder when 856 is divided by 26.
24
What is the remainder when 270 is divided by 23?
17
What is the remainder when 77 is divided by 6?
5
Calculate the remainder when 188 is divided by 2.
0
Calculate the remainder when 1096 is divided by 50.
46
What is the remainder when 13330 is divided by 72?
10
What is the remainder when 159 is divided by 45?
24
Calculate the remainder when 67 is divided by 20.
7
What is the remainder when 167 is divided by 7?
6
What is the remainder when 56 is divide